 + 40*s + 3 = 0. Let q be ((-699)/9 + s)/((-3)/9). What is the remainder when (q/35)/((-2)/(-55)) is divided by 36?
32
Suppose -1434*r + 1403*r + 3348 = 0. Let p = 46 - 18. What is the remainder when r is divided by p?
24
Let d = 8563 - 8512. What is the remainder when (-3)/1*386/(-6) is divided by d?
40
Let k = 445 + -338. Let p = k - 83. What is the remainder when 237 is divided by p?
21
Suppose 4353 = 161*d - 960. Suppose 0 = -2*o + 205 + 25. Calculate the remainder when o is divided by d.
16
Suppose 5*g = 4*n + 15, -5*n - 2 + 8 = 2*g. Suppose n = l - 3, 4*l = 2*u - l - 131. Calculate the remainder when u is divided by 12*(-6)/40*(-16 + 1).
19
Calculate the remainder when 0 - (-3)/(-18) - (15554/(-84) - 8) is divided by 66.
61
Let f = -43 + 44. Suppose -65 - 88 = -b. What is the remainder when b is divided by f + (-7)/((-14)/60)?
29
Suppose -w - 4*n = -0*n - 14, -3*w - 5*n + 28 = 0. Calculate the remainder when ((-2964)/304)/(3/(-8)) is divided by w/(-8)*(-20)/1.
11
Suppose -24*p + 3171 = 507. Let b be (-7128)/(-60) - (-1)/5. Let k = b - p. What is the remainder when 68 is divided by k?
4
Suppose -5*t + 16 + 114 = 0. Let r be 1*(-2 + -1) + 7 + 74. Suppose 4*x + x - 5*f = 490, -5*f - r = -x. Calculate the remainder when x is divided by t.
25
What is the remainder when (90/(-2) + 3)*483/(-9) is divided by 41?
40
Suppose -5*z = -51 + 41. Suppose 5*a = f - z*f + 75, -2*a + 27 = f. What is the remainder when 75 is divided by a?
11
Let n(w) = -6*w - 7. Let b be ((-3)/1)/(-3)*1. Calculate the remainder when b/(1215/(-610) - -2) is divided by n(-8).
40
Suppose -z + 5*o = 3, 0*z - 4*z - 3*o = -34. Suppose z*r - 48 = 4*r. Calculate the remainder when r is divided by 7.
2
Let k = -279 + 281. Suppose 3*x - k*l - 7 = 0, 0*l + 1 = -3*x + 4*l. What is the remainder when 34 is divided by x?
4
Let v = 380 - 331. Let d(u) = 9*u - 1. What is the remainder when v is divided by d(2)?
15
Suppose -1507 = -18*q + 412 + 943. Suppose w + 113 = 2*z, 0 = -0*z - 3*z + 2*w + 172. Calculate the remainder when q is divided by z.
51
Suppose -10*f + 60 - 10 = 0. Let h = 3 + 0. Suppose 0 = -4*o + 17 + h. What is the remainder when f is divided by o?
0
Suppose -5*l + 25 = 0, 0*l = -5*k - 5*l + 5. Let m(n) = -8*n - 5. What is the remainder when (-102 - 5)/((1 - 0) + -2) is divided by m(k)?
26
Suppose 0 = -3*c + 4 + 11. Suppose 6*i = c*i + 221. Let z = i - 155. What is the remainder when z is divided by 17?
15
Let l be -131 + 1/(1 + -4 - -4). Let m = 164 + l. What is the remainder when m is divided by 19?
15
Suppose 0 = -2*q - 2*q + 12. Let f(o) = 5*o**2 + 2*o + 3. Let d be f(q). Let n = d - 51. What is the remainder when 13 is divided by n?
1
Let p(j) = -j**2 + 6*j + 3. Let o be p(6). What is the remainder when ((-37)/(-6) + -6)/((-2)/(-12)) + 7 is divided by (30/9)/(2/o)?
3
Suppose 10*k - 102 = 118. Calculate the remainder when 4749 is divided by k.
19
Let r(o) = -o**3 + 14*o**2 - 102*o + 790. Calculate the remainder when 3518 is divided by r(11).
15
Let z = -39 + 57. Let l = 242 - 138. Calculate the remainder when l is divided by z.
14
Let u(m) = -17*m - 115. Let l be u(-7). Suppose 2*b + 3*k - 96 = -2*k, 0 = l*b - 3*k - 244. Calculate the remainder when 636 is divided by b.
56
Let x(b) = -27*b - 3. Let k(g) = -80*g - 9. Let r be (1/2)/((-17)/(-204)). Let h(p) = r*k(p) - 17*x(p). Calculate the remainder when 155 is divided by h(-2).
38
Suppose 17*u - 10*u - 217 = 0. Suppose v - 71 = -u. What is the remainder when v is divided by 22?
18
Let k(f) = f**2 + 15*f + 76. Let w be k(-13). Suppose 0 = -11*s + 49 + w. What is the remainder when 74 is divided by s?
2
Suppose 40*g - 4*y - 2976 = 35*g, -3*g - y = -1772. What is the remainder when g is divided by 66?
64
Let i(l) be the second derivative of l**4/6 - 11*l**3/3 + 67*l**2/2 - 2*l - 11. What is the remainder when i(13) is divided by 12?
11
Let k(m) = -2*m**2 + 92*m - 421. What is the remainder when k(38) is divided by 45?
7
Suppose -17 = -2*j + z, -22*j + 4*z - 22 = -24*j. Calculate the remainder when 1769 is divided by j.
5
Let m(i) = 2*i**2 - 19*i + 93. Suppose -2*b = -3*h + 61, 8 = -b - 3*b. What is the remainder when m(h) is divided by 65?
64
Let c = -9941 + 10989. Calculate the remainder when c is divided by 24.
16
Suppose -113*y - 101*y + 4*y = -60900. What is the remainder when 1753 is divided by y?
13
Let i = 7840 + -7828. Calculate the remainder when 6812 is divided by i.
8
Let h(l) = -l**2 + 8*l + 4. Suppose -7*q - 95 = 752. Let a = q - -156. What is the remainder when a is divided by h(5)?
16
Suppose 74*m - 2*u + 358 = 75*m, -2122 = -6*m + u. What is the remainder when m is divided by 49?
11
Suppose 3*k = 4*r + 2382, 0 = 9*r - 4*r. Calculate the remainder when k is divided by 205.
179
Suppose -74 = -3*d + c + 16, -363 = -12*d + 3*c. Suppose -4*p + 62 = 2. Let j = -11 + p. What is the remainder when d is divided by j?
3
Calculate the remainder when 39 is divided by -4 + -1*(-120)/35 - (-330)/14.
16
Let f(g) = -g**2 + 33*g - 68. Let o be f(30). What is the remainder when (-838)/(-8) + (o/(-8) - -2) is divided by 35?
34
Let n = 7 + 5. Let o(d) = 6*d + d**3 + n - 9*d**2 + 3 + 4. Calculate the remainder when 6 is divided by o(8).
0
Suppose 9*j + k = 7*j + 8, 0 = 3*j + 3*k - 18. Suppose -203 - 102 = -5*c. What is the remainder when c is divided by (-1)/((-4)/56*1) + j?
13
What is the remainder when 203 is divided by 178 + ((-68)/(-2) - 18)?
9
Let l(v) = -28 - 6*v + 3*v**2 - 12*v - 4*v**2 + 5*v. Let t be l(-5). Suppose 4 = 4*k - t. Calculate the remainder when 39 is divided by k.
3
Calculate the remainder when 951 is divided by (316/8)/(80/160).
3
Let p = -2759 - -2774. What is the remainder when 552 is divided by p?
12
Suppose 3*l = 2*z - 193, 3*z + 309*l = 310*l + 272. Calculate the remainder when z is divided by (10/(-4))/(2/(-36)).
44
Let q = 21306 - 21141. Calculate the remainder when q is divided by -12*(2/(-2) + -1).
21
Suppose 0 = -2*t + 2, 89 = 4*h - 4*t - 1003. Calculate the remainder when h is divided by 73.
55
Let y(c) = c**2 + 4*c - 36. What is the remainder when 1234 is divided by y(6)?
10
Suppose -48*r + 11119 = 3*r - 3161. What is the remainder when r is divided by 106?
68
Suppose -3*a + 4*n = -a - 378, -15 = -3*n. What is the remainder when a is divided by 71?
57
Let d = -374 + 654. Let b = -243 + d. What is the remainder when 146 is divided by b?
35
Suppose -32 = 2*m - 5*q, 2*m = -0*m - q - 8. Let k(c) = -8*c - 35. What is the remainder when 36 is divided by k(m)?
10
Let d be ((-20)/(-15))/4 - (-748)/(-3). Let s = 284 + d. Let v(l) = 35*l - 1. Calculate the remainder when v(3) is divided by s.
34
Suppose 1774*x = 1779*x - 5405. What is the remainder when x is divided by 219?
205
Let g = 11108 - 10871. Calculate the remainder when g is divided by 76.
9
Suppose -832*w = -835*w + 324. What is the remainder when 429 is divided by w?
105
Let o = 178 + -116. Let h = -2085 - -2095. What is the remainder when o is divided by -4 + 36/5*h/6?
6
Let z = 44 - 99. Let j = z - -59. Suppose -5 + 35 = 2*i. What is the remainder when i is divided by j?
3
Let j(u) = -u**3 - 2*u**2 - 11*u + 3. Let x be j(-6). Suppose 3*t = -2*v + 409, x + 28 = 2*t - 5*v. What is the remainder when t is divided by 39?
16
Let l = 123 - 36. Let n = -96143 - -96472. Calculate the remainder when n is divided by l.
68
Suppose -3*b = -9, -4*x - b = -5*x + 1. Suppose 0 = 2*r + x, r + 2*r + 33 = 3*z. What is the remainder when 49 is divided by z?
4
Let c = 295 - 153. Let y = c + -92. Let b = 69 - y. What is the remainder when b is divided by 4?
3
Let k = 280 - 275. Suppose -r = 11 - 70. Suppose -6 - r = -k*h. Calculate the remainder when 38 is divided by h.
12
Suppose 0*i = -3*w + 4*i + 138, -2*i + 102 = 3*w. Let o(k) = -25*k**3 - k - 1. Calculate the remainder when w is divided by o(-1).
13
Suppose -3*c + 40*c = 0. Suppose c = -5*j + 3*n + 356, 2*j - 131 = 15*n - 10*n. Calculate the remainder when j is divided by 6.
1
Let f = 245 - 240. Suppose -5*y - o + 56 = 0, f*y + 5*o - 36 - 4 = 0. What is the remainder when 130 is divided by y?
10
Let h be 2*(-853)/(-16) - 6/(-16). Let c = h - 39. Suppose -x - 51 + 160 = 5*b, -3*b + c = -2*x. What is the remainder when 86 is divided by b?
20
Suppose 0 = 451*l - 101*l - 2076900. What is the remainder when 